s the remainder when i is divided by c(1)?
4
Suppose 5 = 4*o - 7. Let y = 4 - o. Let v = y - -18. What is the remainder when v is divided by 10?
9
Let w = 6 + 43. Suppose 2*k - w = -x, -5*k + x = 3*x - 124. Calculate the remainder when k is divided by 7.
5
Let t(d) be the second derivative of d**3/3 - 6*d**2 + 2*d. Calculate the remainder when t(8) is divided by 3.
1
What is the remainder when 44 is divided by 137/9 - (-14)/(-63)?
14
Let f(v) = 3*v**3 - 8*v - 6. Calculate the remainder when f(4) is divided by 40.
34
Let m(o) = 7*o**3 - o**2 + o. Let u be m(1). Suppose -4*p + 5*w + u = -3*p, 3*w = 5*p - 13. Calculate the remainder when 2 - (0 + 0 - 0) is divided by p.
0
Let t(i) = -i**2 - i + 2. Let q be t(0). Suppose 4*g - 3*g = 0. Suppose -58 = -q*n - g*n. Calculate the remainder when n is divided by 15.
14
Suppose -7 - 1 = -2*z. Suppose 504 = z*c + 180. Calculate the remainder when c is divided by 21.
18
Suppose -129 = -0*l - 3*l. Suppose 2*k - 22 = -0. What is the remainder when l is divided by k?
10
Let s be (3/2)/((-3)/(-8)). Suppose -s*x + 2*d = -0*x - 184, 8 = 4*d. Suppose 2*i + 8 = l - 4, 4*l = -i + 48. What is the remainder when x is divided by l?
11
Let i(m) = m**2 - 4*m + 3. Suppose -5*s + 5 = -60. What is the remainder when i(-6) is divided by s?
11
Suppose 4*q - 9 = 7. Suppose 3*c = -q*y + 22, 2*c - 3*y + y = 10. What is the remainder when 17 is divided by c?
5
Calculate the remainder when 3 is divided by (117/36 - (-2)/(-8))/1.
0
Let u(v) = 12*v - 1. Let m be u(1). Suppose -4*o + m = -9. Suppose -2 = -z - o*d + 5, 4*z = 4*d + 52. What is the remainder when 34 is divided by z?
10
Suppose -o + 2*o - 3 = 0. Suppose y = 2*s, -2*y - o*y = -3*s + 7. Calculate the remainder when 10 is divided by y/1*(3 - 6).
4
Let i = 5 - 2. Suppose -i*q = q - 20. Suppose 4*o + 76 = -0*v + 4*v, 2*v - 3 = -q*o. What is the remainder when 41 is divided by v?
13
Let a = 71 - 15. Suppose -3*r = -5*b + 231 - a, -b = -4*r - 35. Calculate the remainder when b is divided by 12.
11
What is the remainder when 3*(-10)/15*39/(-2) is divided by 10?
9
Let p(z) = z**2 - 4*z - 12. Let g(s) = -s + 2. Let q be g(2). Suppose q = 2*x - 4 - 4. What is the remainder when p(7) is divided by x?
1
Suppose 2*n = -2*q + 56, 5*q - 17 = 8. Calculate the remainder when 68 is divided by n.
22
What is the remainder when 82 is divided by 104/5 + 6/30?
19
Suppose 5*d + 6 - 16 = 0. Suppose 0 = -4*m + 4*z - 38 + 102, -z = -d*m + 27. What is the remainder when 32 is divided by m?
10
Suppose 0 = 2*g + 2*r - 8, -4*g = -3*r - 0*r - 30. Calculate the remainder when 15 is divided by g.
3
Suppose 5 = -k, 3*o - k = o + 37. Suppose -3*q = q - o. Calculate the remainder when 11 is divided by q.
3
Let g = 6 + -3. Let q(s) = -s**2 - 6*s + 7. Let z be q(-6). Suppose -z*k + 36 = -g*k. What is the remainder when 25 is divided by k?
7
Let k = 5 - 1. Let z(x) = -x + 15. Let s be z(0). Calculate the remainder when (10/s)/(k/174) is divided by 10.
9
Let z = 20 - 9. Calculate the remainder when z is divided by ((-6)/4)/((-6)/16).
3
Let m = -46 - -55. Calculate the remainder when 31 is divided by m.
4
Suppose 4*s = -4*u + u + 20, -4*u - 2*s = -20. Calculate the remainder when 9 is divided by u.
1
Let m = 5 - -14. Let c = -4 + 11. Calculate the remainder when m is divided by c.
5
Let t(n) = n. Let b(a) = 5*a + 1. Let j(m) = -b(m) + 6*t(m). What is the remainder when 24 is divided by j(14)?
11
Let t(f) be the first derivative of -f**4/4 + 11*f**3/3 + 14*f - 2. Calculate the remainder when 27 is divided by t(11).
13
Let p = 8 + -5. Suppose -4*j = 8, -2*g - p*g + j + 52 = 0. Calculate the remainder when g is divided by 6.
4
Suppose 3*w - 66 = -18. Calculate the remainder when 31 is divided by w.
15
Suppose 0 = -5*q - 0*q - 3*p + 3, -3 = -2*q - 3*p. Let a = 18 - q. Calculate the remainder when a is divided by 7.
4
Suppose -4*p + 129 = -p. What is the remainder when p is divided by 11?
10
Suppose -101 = -5*z + 54. Calculate the remainder when z is divided by 8.
7
What is the remainder when (-23)/(-46) + (-98)/(-4) is divided by 7?
4
Suppose -6 = 5*b + 9. Calculate the remainder when (-1 - 55)*b/6 is divided by 15.
13
Suppose 9*p - 8*p = 17. What is the remainder when 29 is divided by p?
12
Let d = -21 + 31. Calculate the remainder when d is divided by 6.
4
Let u(n) = -4 + n + n**3 + 3 - 7*n**2 - 1. Let h be (-14)/(((-6)/1)/3). Calculate the remainder when 14 is divided by u(h).
4
Suppose 0 = 2*y + 3*y - 3*f + 73, -f = 4. Let w = 34 + y. Suppose 2*j - 3*n - w = 0, -4*j + 24 + 16 = -4*n. Calculate the remainder when j is divided by 5.
3
Let o be 16*(-3)/(-12)*10. Let x = -30 - -9. Let f = o + x. What is the remainder when f is divided by 5?
4
Let d(n) be the second derivative of -2*n + 1/3*n**3 - n**2 + 0. What is the remainder when 7 is divided by d(2)?
1
Suppose 6*q = 226 + 56. Calculate the remainder when q is divided by 17.
13
Suppose 259 + 427 = 14*q. Calculate the remainder when 146 is divided by q.
48
Suppose 73 = 3*n - c, -5*c - 23 = -3. Suppose 4*q = -2*r - n + 59, -3*r + 9 = -3*q. What is the remainder when 30 is divided by r?
6
Let x = -34 - -38. Let i = 22 + -16. Calculate the remainder when i is divided by x.
2
Let k(b) = -b**2 - 14*b - 11. Calculate the remainder when k(-10) is divided by 8.
5
Let y = 7 + -1. Suppose 0 = 4*d + 4*h + 100, -h = -2*d + 2*h - 50. What is the remainder when (y/(-15))/(1/d) is divided by 6?
4
Let a(j) = -5*j + 12. Calculate the remainder when a(-8) is divided by 14.
10
Suppose d = -3*d - 40. Let i = 20 - d. What is the remainder when i is divided by 8?
6
Let j = 207 + -52. Suppose -4*z = z - j. Let a = 5 + 6. What is the remainder when z is divided by a?
9
Let r(n) = 3*n**2 + 0*n**2 + 3*n + 1 + 3*n**2 - 2*n**2. What is the remainder when r(-4) is divided by 18?
17
Let r(z) = -z - 6. Let s be r(-6). Suppose -15 = -5*x - s*x. Calculate the remainder when 1*5 - (0 - 3) is divided by x.
2
Suppose -5*d = -5*o - 60, -3*o - 8 = -d - 4. What is the remainder when 46 is divided by d?
14
Let b = 3 - -25. Calculate the remainder when 55 is divided by b.
27
Let s(d) = -d**2 + 9*d - 3. Let b be s(6). Let r = 56 - b. Calculate the remainder when r is divided by 11.
8
Let o(f) = -4*f - 2. Suppose 3*s = -2*m - 6 + 59, -s + 101 = 4*m. What is the remainder when m is divided by o(-4)?
11
Let p(l) = -l**3 + 8*l**2 + 4*l - 9. What is the remainder when 34 is divided by p(8)?
11
Suppose 4*a - 80 = -4*n, -2*n + 3*n - a = 18. Let u = -6 - -10. Suppose u*k - 16 = 24. Calculate the remainder when n is divided by k.
9
Suppose -3*h - 3*f = -30, 5*f + 38 = 6*h - 3*h. What is the remainder when h is divided by 6?
5
Suppose 27 = -7*z + 90. What is the remainder when 26 is divided by z?
8
Let d = -60 - -65. Calculate the remainder when (4/(-3))/((-1)/9) is divided by d.
2
Suppose 4*w + 4*o + 6 = -26, 0 = 5*w + 4*o + 44. Let j = w + 27. Calculate the remainder when 42 is divided by j.
12
Let k = 70 - 11. Let c be 8/3 + (-2)/3. Suppose 5*d - 30 = -c*v, 0 = -v - 0*v + 5*d + 30. Calculate the remainder when k is divided by v.
19
Let z(l) = -l + 3. Let o = -6 - -8. What is the remainder when 1 is divided by z(o)?
0
Suppose -7*s + 4*s = -48. Calculate the remainder when 28 is divided by s.
12
Let g(b) be the second derivative of b**5/20 - b**4/6 + b**3/2 - b**2 - b. What is the remainder when g(3) is divided by 9?
7
Suppose -m + 0*m + 2 = 0. Let t(o) = 3*o + 2. Suppose 0 = 3*d - 66 - 3. Calculate the remainder when d is divided by t(m).
7
Let m(r) = r**3 - 2*r**2 + 5*r - 9. Let f be m(4). Let b = -21 + f. What is the remainder when b is divided by 12?
10
Suppose -3*i - i + 19 = y, -2*i - 5*y - 13 = 0. Suppose -5*q - 41 = -i*q. What is the remainder when q is divided by 14?
13
Suppose 2*y - 51 = -11. Let v be 0 - (-1 + -2) - -1. Suppose f - 10 = -2*n - 3*f, -v*n + f + 29 = 0. Calculate the remainder when y is divided by n.
6
Let n = 14 + -21. Let r = n - -10. Calculate the remainder when 11 is divided by r.
2
Suppose 5*j = 5*m, 3*m = -5*j + 6*m + 10. Let q = 5 - j. Suppose 2*t + t - 105 = q. What is the remainder when t is divided by 12?
11
Let d = 26 - 16. Suppose -4 + 24 = -5*m. Let y = 10 + m. Calculate the remainder when d is divided by y.
4
Suppose -3*f + 2 = -13. Let j be f + 2 - -1 - 3. Suppose 2*c = 